s divided by 924/(-132)*(-24)/7.
17
Let y(g) = g**3 + 11*g**2 - 3*g - 15. Let o be y(-11). Suppose 7*p = -o*p + 500. Calculate the remainder when 198 is divided by p.
18
Let k = -34 - -77. Suppose -4664*s + 4707*s - 6579 = 0. What is the remainder when s is divided by k?
24
Suppose -5*r = 5*u - 5, 20*r - 25*r + 7 = 3*u. Suppose 4*m - r*y - 168 = 0, 32 = m - y - 12. Calculate the remainder when m is divided by 12.
4
Let o = 155 - 152. Suppose 5*k - o = 16*v - 17*v, 0 = 3*v - 4*k - 47. What is the remainder when 64 is divided by v?
12
Let s = -150 - -315. Suppose -181*n + 4158 = 116*n. Calculate the remainder when s is divided by n.
11
Suppose 34*t - 53*t = -95. Suppose -3*g - t*q = -364 - 733, -g - 3*q + 371 = 0. Calculate the remainder when g is divided by 30.
29
Suppose -4*y + 35*g + 458 = 33*g, 0 = -3*y - 2*g + 361. What is the remainder when y is divided by 38?
3
Let a = 609 - 536. Calculate the remainder when 78 is divided by a.
5
What is the remainder when 312 is divided by 1 - (-2 - 146) - (-3 - -5 - 10)?
155
Suppose 4*z = -4*t - 164, -t - t - 77 = z. Let y = 74 + t. What is the remainder when y is divided by 15?
8
Let y = -40 + 317. Suppose 3*i - 4*n = 245, y = 3*i + 3*n + n. What is the remainder when i is divided by 30?
27
Suppose 4*a = -24 + 96. Let p(u) = -26*u - 50. Let h be p(-2). Suppose -265 - 4 = -3*m + h*q, 2*m + 2*q = 166. Calculate the remainder when m is divided by a.
15
Let o be 84*((-50)/(-80) - 2/16). Suppose i - q + 4*q - o = 0, -4*i + 123 = 3*q. Calculate the remainder when i is divided by 4.
3
Suppose -2 = -2*y, -119 = r - 5*y - 182. Suppose -j = 2*f + 2*f - 67, 5*j - 263 = -2*f. Let d = r - j. What is the remainder when d is divided by 10?
7
Let v(g) = 7*g**2 + 5*g. Let w be v(-4). Let k be 2 + (-3 - (-9 - -1)). Suppose 83 + w = k*o. Calculate the remainder when 48 is divided by o.
23
Calculate the remainder when (-65)/(-1 - 154/(-168)) is divided by 3.
0
Let m = 5682 + -4246. Calculate the remainder when m is divided by 60.
56
Suppose -3*k - 18 - 35 = -5*m, 0 = -m - k + 17. Let d(v) be the second derivative of 3*v**3/2 - 10*v**2 + 4*v. What is the remainder when d(m) is divided by 20?
17
Suppose -16*h + 2048 = 30*h - 14*h. Calculate the remainder when 823 is divided by h.
55
Let r(g) = 21*g - 1. Let c be r(2). Let t = c + 38. Suppose 5*m - 3*l = 71, l + 22 = 2*m - 7. What is the remainder when t is divided by m?
15
Suppose 14*y - 3*t = 19*y - 124, 5*y + 4*t = 122. What is the remainder when 1063 is divided by y?
23
Let u(s) = 13*s**2 + s - 8. Calculate the remainder when u(2) is divided by (-15)/(-1) - (5 + -7).
12
Suppose 3*v = -l + 63, -2*v + 22 = 16. What is the remainder when 14523 is divided by l?
51
Suppose -72 = -v + 4*v. Let z be (-12)/v*(-1 - -29*1). Let i = z - -10. What is the remainder when i is divided by 9?
6
Suppose -33*q = -35*q + 28. Suppose 11*u - 950 = -q*u. Calculate the remainder when 92 is divided by u.
16
Let v(d) = 4*d**2 - 226*d - 2115. Calculate the remainder when 536 is divided by v(-9).
50
Suppose -2*v - 4*u - 272 = -8*u, -736 = 5*v + 4*u. What is the remainder when 41 is divided by (1 - -12 - 1)*v/(-108)?
9
Let j = -40 - -52. Suppose -561 = -21*a + 4*a. Calculate the remainder when a is divided by j.
9
Let o(s) = 3*s**2 + 8*s - 57. What is the remainder when o(-23) is divided by 30?
26
Let f = 18 - 4. Let w = -24979 + 25000. What is the remainder when w is divided by f?
7
Suppose p = 2*p - 283. Suppose -10*z - 177 = -21*z + 2*j, 4*z + j - 54 = 0. Calculate the remainder when p is divided by z.
13
Let s(r) = 7*r**2 - 6*r - 6. What is the remainder when s(5) is divided by -58*((15/(-3))/(-10))/(-1)?
23
Suppose 194 = -4*w + 2*v + 3*v, 5*w - 5*v + 245 = 0. Let i = 69 + w. Suppose -249 = -3*g + i. Calculate the remainder when g is divided by 18.
17
Let d(r) = -r**2 + 7*r + 40. Let f be d(11). Suppose 58 + 5 = v. Calculate the remainder when v is divided by (f - 19)*(-2 + 1).
17
Let k(y) = 5*y**3 - 14*y**2 - 4*y**3 + 25 + 38*y**2 + y - 14*y**2. Calculate the remainder when 448 is divided by k(-10).
13
Suppose -17*w = -21*w - 3*h + 3273, 3*w - 2460 = -3*h. Calculate the remainder when w is divided by (132/8)/(3/4).
21
Suppose 31*c - 38*c = -112. Calculate the remainder when 922 is divided by c.
10
Suppose h - 2*h + 22 = 0. Suppose 114 = 794*n - 788*n. Suppose 2*s - n = -z, -12*z - 34 = -4*s - 10*z. Calculate the remainder when h is divided by s.
4
Let n = 120 + -58. Suppose -2*b - 2*s + 94 = -12, 5*b - 5*s = 305. Let r = 68 - b. Calculate the remainder when n is divided by r.
7
Let q be -9 + 13 - 1/1. Suppose a + 328 = q*a. What is the remainder when a is divided by 5?
4
Suppose -5*c + 5*s + 10 = 0, 4*s - 2*s = 8. What is the remainder when c is divided by (-6)/4 - (-180)/40?
0
Let y be 8/52 + 4122/78. Suppose 3*m - s + 5*s = y, -5*m + 2*s = -71. What is the remainder when (805/28 + -7)/(6/16) is divided by m?
13
Let x(q) be the second derivative of q**4/4 - q**3 - 9*q**2/2 + 7*q. Suppose 15*l = 8*l - 14. Calculate the remainder when 71 is divided by x(l).
11
Suppose -2*p + n + 13 = -67, -5*n = -5*p + 185. Suppose 83 = 2*b + u, 4*b - 2*u - 128 = b. Calculate the remainder when p is divided by (-4)/14 + 936/b.
21
Let t = -45 - -45. Suppose -4*o + 12 - 4 = t. Suppose 20 = 2*g - r - o*r, -2*g - 2*r = 0. What is the remainder when 14 is divided by g?
2
Let s(y) = -16*y + 662. Let m be s(0). Let o = -438 + m. Calculate the remainder when o is divided by 57.
53
Suppose 18*y - 16*y - 2*p - 424 = 0, 4*y - 843 = 3*p. Suppose -4*d - 4*c = -216, -4*c - 46 = -d - 7*c. What is the remainder when y is divided by d?
33
Calculate the remainder when 674 is divided by (4/(-10))/(1/(-300)).
74
Let v(w) = 2*w**2 + 56*w + 348. Calculate the remainder when 701 is divided by v(-26).
213
Let x(r) = r**2 + 22*r + 114. Calculate the remainder when 16774 is divided by x(-16).
16
Let w = -112 - -812. Suppose 5*k - 500 = 3*k + 4*t, -4*t = 3*k - w. Calculate the remainder when k is divided by 9.
6
What is the remainder when 2849 is divided by (18/2)/(867/2023)?
14
Let k = 19 - 36. Let z = 19 + k. Suppose -z*w - 26 = -x, -3*x + 22 = -x + 2*w. Calculate the remainder when 59 is divided by x.
11
What is the remainder when 1049 is divided by ((-3)/((-6)/(-176)))/(49 - 5215/105)?
125
Suppose 4*q = 194 - 58. Let f(c) = -191*c + 1054. Calculate the remainder when f(5) is divided by q.
31
Let u(y) = -184*y + 53. Let j be u(-7). Suppose -121*r + 118*r = -j. Calculate the remainder when r is divided by 14.
13
Let f be (2 - -1) + (4 - 2). Suppose -13*b = -f*b. Calculate the remainder when (b - -1)/((-2)/(-46)) is divided by 13.
10
Suppose 3*f - 495 = -8*f. What is the remainder when f is divided by (-44)/242 + 268/22?
9
Suppose 19 = 75*q - 74*q. Suppose -54 + 150 = 12*s. What is the remainder when q is divided by s?
3
Let h(a) = 3*a**2 + 71*a - 50. What is the remainder when 170 is divided by h(-25)?
20
Suppose 208 = 4*l - 4*b, 3*l + 2*b - 67 - 134 = 0. Calculate the remainder when l is divided by (4/6)/((-4)/(-138)).
15
Let k(t) = -t**3 + 11*t**2 - 5*t - 3. Let n be k(13). Let s = -42 + 46. Calculate the remainder when 112 is divided by (4/(-7))/((-1620)/n - s).
54
Suppose -159*r = -178*r + 266. Calculate the remainder when 459 is divided by r.
11
Let v be 0*(-2)/4 - (23 - 142). Let h = v + -110. Calculate the remainder when 43 is divided by h.
7
Suppose 2*l - 9 + 3 = 0. Suppose -2*t = l*t - 15. Suppose -4*w - i + t*i + 50 = 0, 4*w = -3*i + 45. Calculate the remainder when 68 is divided by w.
8
Let d = -139 + 277. Suppose 0 = 6*g + d - 1536. Suppose g = 3*f + 62. Calculate the remainder when f is divided by 10.
7
Let z be (6/(-9))/(8/(-168)). Suppose -16*c = -z*c - 104. Suppose -c = -3*r - x, -x = -3*x + 2. Calculate the remainder when r is divided by 4.
1
Calculate the remainder when 2458 is divided by 20*(6 - (-16)/128)*(-8)/(-2).
8
Let z = 406 - 333. What is the remainder when 568 is divided by z?
57
Let w = 269 - 278. Calculate the remainder when 138 + 3*3/w is divided by 72.
65
Suppose 21*k = -2*j + 23*k + 828, -2486 = -6*j + 5*k. Calculate the remainder when 1249 is divided by j.
1
Suppose -20 = -5*d - 5*w, -12 + 4 = -4*d - 2*w. Suppose 0 = -2*z - 2*z + 108. Suppose -z*y + 28*y - 48 = d. Calculate the remainder when y is d